- 5*n - 34. Let b be i(j). Let l = b + -35. What is the units digit of l?
1
Let o be (1 + (0 - 1))/(-1). Suppose 0 = -8*u - o*u - 144. What is the units digit of u/(-4) - 17/(-34)?
5
What is the tens digit of -40 + -15 + 2904 + 1/((-2)/8)?
4
Suppose 5*k + 112 = -3*k. Let s be (-1 - 10/k) + 11640/21. What is the tens digit of s/10 + 0 - (-126)/210?
5
What is the hundreds digit of (222/72 - 3)*105790 - (-3)/18?
8
Let t = -1617 + 3219. Let q = 2503 - t. What is the hundreds digit of q?
9
Let x be (4/6)/(3 + (-75)/27). Suppose 0 = 2*q + 2, r - 175 = -0*q + x*q. What is the units digit of r?
2
What is the ten thousands digit of (-69786)/(-5) - (-22)/(-110)?
1
Let h = 31 + -29. Suppose -h*c = i, -4*c + 2*c + 6 = 4*i. What is the hundreds digit of 3*(-1425)/(-27) - i/(-3)?
1
Let o(l) = -3*l - 4. Let j be o(-1). What is the hundreds digit of (-7)/21 + (j - (-4592)/6)?
7
Let z be (186/(-30) + 5)*(-20)/12. Suppose d + z*p - 1481 = 0, -8*d + 9*d - 1493 = 4*p. What is the thousands digit of d?
1
Suppose -11*t + 10*t - 11 = 0. Let f be 0 - (-2)/(-1)*t/2. Suppose 0 = f*i - 8*i - 318. What is the tens digit of i?
0
Suppose 23 = 13*k - 16. Suppose -6*c + k*c + 1912 = s, 5*c - 3160 = 5*s. What is the tens digit of c?
3
Suppose -463643 = -220*t - 177203. What is the thousands digit of t?
1
Let a(o) = -o**2 - 21*o - 72. Let r be a(-4). What is the units digit of (-1 + -31 - r)*(-2)/4?
4
Suppose q - 789 = -0*a + 2*a, a + 4 = 0. Let p = q + -82. Suppose 8*x = 5*x + p. What is the units digit of x?
3
Let k(d) = 86*d + 148. Let l be 3528/224 - 1/(-4). What is the units digit of k(l)?
4
Suppose 123 = 5*n - 3*m - 709, 5*n = -2*m + 812. Suppose 172*a - n*a = 2808. What is the tens digit of a?
5
Let b(i) = -3144*i - 385. What is the hundreds digit of b(-4)?
1
What is the ten thousands digit of (-25881)/3*(-10)/(-12 - -17)?
1
Suppose -5*g - 4*h = -18756, -7878 = -2*g + 3*h - 394. What is the hundreds digit of g?
7
Let p(m) be the first derivative of 3*m**2 + 7*m + 18. Let o be 6*(2 - 9/6). What is the units digit of p(o)?
5
Let u(i) = 10026*i**2 - 142*i + 141. What is the tens digit of u(1)?
2
Suppose 60*m + 4*i + 26592 = 65*m, 4*m = -2*i + 21258. What is the hundreds digit of m?
3
Suppose 0 = 6*a - 158 + 644. Let o = 152 - a. What is the tens digit of o?
3
Let d(r) = -94*r**3 - r**2 + 2*r + 1. Let m = 13 + -15. What is the units digit of d(m)?
5
Let a(f) = -2*f. Let j(g) = -42*g + 93. Let p(y) = 18*a(y) - j(y). What is the units digit of p(21)?
3
Let t be (3/(-3))/3*12/(-2). Let g(u) = 3*u + 2*u**2 + t*u**2 - 2*u**2 - 7 - 6. What is the units digit of g(-6)?
1
Suppose -44*o + 301881 = 3*o. What is the units digit of o?
3
Let j = -107 + 59. Let q = j - -307. What is the hundreds digit of q?
2
Suppose 3*w = 11 - 5. Suppose -5*k = -w*l - 3518, -24*l = 2*k - 23*l - 1409. What is the units digit of k?
4
Suppose 15*a - 25*a = -8660. Suppose 3980 - a = 9*m. What is the tens digit of m?
4
Suppose -36 = -0*s - s. Let a = -34 + s. Suppose 0 = 2*p + 2*u - 272, a*u = -4*p + 26 + 528. What is the hundreds digit of p?
1
Suppose 2*i - 34 = -4*q - 0*i, -2*i + 13 = q. Suppose -2*l + q*l = 4*z - 728, -877 = -5*z - 2*l. What is the units digit of z?
7
Let q = 52 + 2. Let o = -49 + q. Suppose 0 = g - o*g + 452. What is the tens digit of g?
1
Let t(u) = -18*u - 17. Let k be t(-4). Suppose -k = -3*b + 821. What is the hundreds digit of b?
2
Suppose -a + 31796 = 2*m, -3*m + 43737 = -a - 3937. What is the tens digit of m?
9
Let s(b) be the third derivative of -b**5/60 + 17*b**4/24 - 5*b**3/2 + 14*b**2 - 2. What is the tens digit of s(6)?
5
Let t be (-20)/(-50) + (-138)/(-5). Suppose -5*q = -12*q + t. Suppose -q*x + 0*x = -352. What is the units digit of x?
8
Let q be (4/(-6))/((-6)/117)*-23. Let b = q + 596. What is the tens digit of b?
9
Let x = -27960 - -39611. Suppose 0 = 11*z - 2110 - x. What is the hundreds digit of z?
2
Let v = -867 - -891. What is the tens digit of (-3 - (-278)/(-14))/(v/(-84))?
8
Let a(q) = -606*q - 910. What is the thousands digit of a(-13)?
6
Suppose 2*d + 2764 = 2*a - 688, -d = 3*a - 5158. What is the hundreds digit of a?
7
Let c(f) = -726*f - 3909. What is the hundreds digit of c(-48)?
9
Let w(i) = 13*i**2 + 34*i. Let y be w(-15). Suppose 21*q - y = 14*q. What is the hundreds digit of q?
3
Let l(b) = -2*b**3 + 153*b**2 + 148*b + 414. What is the ten thousands digit of l(76)?
1
Let i be (-64)/(-432)*9*1017*1. Let z = i + -600. What is the units digit of z?
6
Suppose 2*x - 10418 = -4*z + 18106, 5*x - 21386 = -3*z. What is the thousands digit of z?
7
Let n be 33/55 - (-937)/5. Let h = 267 - n. What is the units digit of h?
9
Let t(d) = 1175*d - 658. What is the hundreds digit of t(9)?
9
Let r = 6096 - 2198. What is the thousands digit of r?
3
Let r be (0 - -3)/(8*(-4)/(-480)). What is the hundreds digit of ((-3)/(r/(-140)))/(6/171)?
2
Suppose 38*w - 34*w - 25923 = -i, 12 = 3*w. What is the ten thousands digit of i?
2
Let v(z) = 6*z**2 + 85*z - 4065. What is the units digit of v(62)?
9
Let h(o) = 9*o**3 - 70*o**2 + 32*o + 138. What is the hundreds digit of h(13)?
4
Suppose -j + 128973 = 5*v, 14*j = 4*v + 12*j - 103156. What is the units digit of v?
3
Let z = -11 + 9. Let s be (-1107)/(-351) - z/(-13). What is the tens digit of 3*265/15 - s?
5
Let p = -326 + 302. What is the tens digit of (-48)/p*(-746)/(-4)?
7
Suppose -6 = 7*o - 20. What is the units digit of (-4 - 19)/(o/(-52))?
8
Let s(v) = -v**2 + 10*v + 18. Suppose -6 = z - 3*h, -6*z + 5*z - 3*h = -12. Suppose -40 = -z*i - 10. What is the tens digit of s(i)?
1
Let c be -1480*((-20)/(-8) - 4). Suppose 18*q = 24*q - c. What is the tens digit of q?
7
Suppose 162529 = 31*r - 18*r - 36306. What is the ten thousands digit of r?
1
Suppose 17*c + 173580 = 38*c - c. What is the tens digit of c?
7
Suppose -s = 3*n - 1060 - 8277, 2*n - 3*s - 6210 = 0. What is the hundreds digit of n?
1
Let c(r) = -44*r + 5. Let f(i) = -i - 1. Let k(g) = c(g) + 6*f(g). Let m be 0 + (2*(9 - 5))/(-2). What is the hundreds digit of k(m)?
1
Let w be (5 - 4 - -2) + 151. Let f = -224 + w. Let u = -52 - f. What is the tens digit of u?
1
Suppose y + 4 = -x, -2*x = 3*y + 3*x + 10. Let c be (28 - y) + (-1 - -4). Suppose -3*l - l = -c. What is the units digit of l?
9
Suppose 20*w = 5*d + 22*w - 266, 2*d = 4*w + 116. What is the hundreds digit of 1/6 - ((-16839)/d - -5)?
3
Suppose -217 = 8*y - 177. Let k be (6/4)/((-24)/(-80)). What is the tens digit of (((-66)/k)/(1/y))/2?
3
Let q(p) = -p + 13. Let v be q(7). Let i be v/2 + 1316 + -5. What is the units digit of 3/(-2)*i/(-27)?
3
Suppose 0*s = s - 3*h, -4*s + 34 = 5*h. Let p(q) = 31*q - 14. Let c be p(s). Suppose -5*m + m - 5*x + 324 = 0, 0 = 2*m + 5*x - c. What is the units digit of m?
6
Let s = -55 - -59. Let n be 5 - (s + -2)*-1. Let y(f) = 2*f**2 - f - 5. What is the units digit of y(n)?
6
Let s(a) be the first derivative of 20*a**3/3 + 11*a**2/2 + 32*a - 56. What is the tens digit of s(-3)?
7
Suppose 0 = 32*w - 27*w + 5. Let a be (w/(-2))/((-9)/18). What is the tens digit of 12/54 - ((-331)/(-9))/a?
3
Let g = 4252 + -93. What is the hundreds digit of g?
1
Let n = 239 - 527. What is the hundreds digit of -1 + -3 - n - (6 - 2)?
2
Let p(v) = -v**2 - v - 1. Let u(i) = 1006*i**3 - 3*i**2 - 3*i - 2. Let f(x) = 3*p(x) - u(x). What is the thousands digit of f(-1)?
1
Suppose r = 3*r + 4*q + 98, -3*q + 9 = 0. Let s = -48 - r. Suppose s = 5*y - 268. What is the tens digit of y?
5
Suppose -r + 1 = -9. Let n(b) = -r + 3*b + 15 - 19. What is the units digit of n(7)?
7
Let a be (6/5)/((-378)/(-630)). Suppose -10 = -5*u + 3*u. Suppose 5*k - 2 + 17 = b, 0 = -a*b + u*k + 40. What is the tens digit of b?
2
Suppose -b - 5*x + 4512 = 0, -4*b + 2*x - 1067 + 19027 = 0. What is the units digit of b?
2
Let m(i) be the first derivative of i**6/120 + i**5/24 + i**4/24 + 8*i**3/3 + 17. Let p(b) be the third derivative of m(b). What is the units digit of p(-6)?
9
Let o(a) be the first derivative of -3 - 8*a + 21/2*a**2. What is the tens digit of o(5)?
9
Let i(n) = -3*n + 9. Let w be i(-4). Suppose -5*t - 5*p + 1 - 26 = 0, -4*t = -5*p - 16. Let b = w - t. What is the tens digit of b?
2
Let o(f) = 35 - 10 - 3*f + 6. Let h be o(10). What is the tens digit of ((-210)/9)/(h*(-1)/3)?
7
Suppose -144*w + 1474236 = -614628. What is 